*f**2/2 + 9*f + 1. Suppose 16*p + 70 = 6. Is o(p) a composite number?
False
Let m = 13293 - 8859. Let z be m/(3/(9/6)). Suppose -10*w + z = -13453. Is w a prime number?
True
Let t(y) = 116*y**2 - 103*y - 2131. Is t(-30) composite?
False
Suppose 225339 = 23*z - 86449. Let p = z + -5187. Is p a prime number?
True
Suppose 4*t = 4*l - 176572, 220679 = 9*l - 4*l + 4*t. Is l a composite number?
True
Let m(b) = 31*b - 54. Let q be m(2). Suppose 10*p + 10371 = y + q*p, -4*y - 5*p = -41471. Is y a prime number?
True
Suppose 88*x + 3249309 = -24*x + 30091789. Is x a composite number?
True
Let j be (8/6)/((4/(-12))/(-1)). Suppose 5*t - 5*c - 30 = 0, 8 = -j*c - 8. Is ((-2)/(-3))/((-1)/(-1173)*t) composite?
True
Let d = 184037 - 55936. Is d a composite number?
True
Suppose 4*f + 3*f = 441. Let c(n) = 1 + 30*n - f*n + 33. Is c(-8) a prime number?
False
Let l be (2/4)/(1/(-12)). Let t(m) = -m**3 - 7*m**2 - m + 1. Let n(s) = -16*s**3 - 50*s**2 - 11*s + 5. Let z(a) = n(a) - 6*t(a). Is z(l) a composite number?
False
Let f be (-12)/18 - 209712/(-18). Suppose 26*n + f = 51*n. Is n a prime number?
False
Let m = 105297 + -35200. Is m composite?
True
Let t = -329 - -333. Is ((-7789)/(-3))/(t/((-480)/(-8))) a prime number?
False
Let b = -1476 - -8821. Let o = b + -3453. Let n = o + -1841. Is n a prime number?
False
Suppose 4*v + 1301 - 3797 = 0. Suppose -7937 = -23*h + 6760. Suppose u = p + v, 0 = -u - p - p + h. Is u a composite number?
True
Let q(v) = -v**2 + 22*v - 17. Let o be (0 - -3)*(-2 - (4 + -13)). Let g be q(o). Suppose -g*s + 6432 + 13228 = 0. Is s composite?
True
Suppose -106*d = -117*d + 658867. Is d a prime number?
False
Let p(n) be the second derivative of 41*n**4/12 + 13*n**3/6 + 14*n**2 - 20*n - 2. Is p(-3) composite?
True
Let j = 849 - 819. Is 40/j*-3*31/(-4) composite?
False
Let j be (-629)/4 - (-1)/4. Let a(p) = 61*p - 56. Let v be a(7). Let n = j + v. Is n a prime number?
False
Let l(r) = 6*r + 3. Let y be l(-8). Let c be y*(33/9 - 4). Is (-6)/c + (-1602)/(-30) a prime number?
True
Let d = 775099 + -508550. Is d composite?
False
Let h = -166 - -172. Is -2 + 1150 + 18/h a prime number?
True
Let n(t) be the second derivative of -97/20*t**5 - 2*t**2 - 1/3*t**4 - 38*t - 5/6*t**3 + 0. Is n(-2) a prime number?
False
Suppose 0 = 95*z - 101*z + 42. Suppose 0 = 3*m - i - 23396, 3*m + z*i = 10*i + 23394. Is m a composite number?
True
Suppose 0 = 4*w + 4*z + 184, -6*z + z = 2*w + 95. Let f = -30 - w. Is 18430/f - 2/(-6) composite?
False
Let y(f) = 347456*f**2 + 240*f - 241. Is y(1) composite?
True
Suppose -6*c + 8*c + 4*y - 1333070 = 0, -1999561 = -3*c + 5*y. Is c composite?
False
Suppose 4*j - 2*f = -0*j - 2, 0 = -2*j + 2*f - 4. Let d be 45/(-6)*j/((-15)/18). Is 2261/d + 4/(-36)*2 a prime number?
True
Let v(y) = -87*y**3 - y. Let f be v(-1). Suppose -5*b - 5*k + 220 = 0, 0*b + 2*b + k = f. Let i = 81 - b. Is i a composite number?
False
Suppose -7*p + 429023 = 5*p - 468505. Is p prime?
False
Is -18 + (-11 - -18) + 271402 prime?
False
Let h(t) = 51*t**3 - t**2 + 4*t - 5. Suppose s + 4 = 4*o + 2*s, 0 = -2*o - s. Is h(o) a prime number?
False
Let b be ((-9)/12)/((1/260)/(-1)). Let p = b + 129. Suppose f - 2*l - 17 - p = 0, 4*f = 2*l + 1346. Is f prime?
False
Let r(x) = -2696*x**3 - 2*x**2 + 6*x - 7. Let a(n) = -2697*n**3 - 2*n**2 + 6*n - 9. Let j(f) = 2*a(f) - 3*r(f). Is j(2) prime?
False
Suppose 3*h - 3*s = 36, 4*s - 10 - 2 = -2*h. Suppose -317233 = -h*b - 9863. Is b composite?
True
Suppose -47628 - 41465 = -60*j + 373447. Is j composite?
True
Let g be 4/20 - 4/20. Suppose -9*b + 27615 + 8304 = g. Is b a prime number?
False
Let m = 10151 + -5950. Is m a prime number?
True
Suppose 3*f + 98 = p, -2*p - f - 3*f + 176 = 0. Suppose -p*n + 57944 = -84*n. Is n composite?
False
Let i = 337418 - 63145. Is i a composite number?
True
Let q(h) be the second derivative of h**4/12 + 55*h**3/6 + 17*h**2/2 - 17*h. Let v(z) = 2*z**2 + 109*z + 35. Let c(t) = 5*q(t) - 3*v(t). Is c(-21) composite?
False
Suppose -3*t - t - 1755342 = -22*t. Is t prime?
False
Suppose -201*r = -74*r - 16263239. Is r a prime number?
False
Let l = -104 - -158. Let y = -36 - l. Is (-765070)/y - 2/(-9) a composite number?
False
Let i = -16 - -13. Let m be (-6 + 2 + 12/4)*i. Is (m - (-40)/(-12))*-7698 a prime number?
False
Let t(w) = 38*w**3 - w**2 + 43*w - 1167. Is t(23) a composite number?
False
Let h(l) = 2*l - 22*l**2 + 19*l**3 - 17*l**2 - 13*l**2 - 2 + 50*l**2. Is h(3) a prime number?
True
Suppose 0 = 4*q - h - 130995, -32752 = 236*q - 237*q - 3*h. Is q composite?
False
Is 5 + (-3 - 7) + (-1926932)/(-14) a composite number?
False
Is 2/3*3*(-129221303)/(-1466) composite?
True
Suppose 8*c - 4*v + 20 = 3*c, -v + 5 = 3*c. Suppose 3*y + 4 - 10 = c. Suppose -10*w = y*w - 72. Is w a prime number?
False
Let q be 156/(-108)*5 - (-2)/9. Let m(n) = 106*n**2 + 23*n + 36. Is m(q) prime?
False
Let s(q) = q**2 - 5*q. Let n be s(0). Suppose n = 10*j - 569 - 401. Is j composite?
False
Suppose 15*s + 1041782 = 2*h + 19*s, 1562671 = 3*h + 4*s. Is h a prime number?
True
Let t = 148400 - 63043. Is t prime?
False
Is (((-460)/(-368))/((-5)/2))/((-2)/445384) a prime number?
False
Let n(c) = -177*c**3 - 22*c**2 - 221*c - 17. Is n(-7) a prime number?
False
Let r(z) = -7*z**2 - 120*z + 18. Let v be r(-17). Suppose 208563 = 22*n + v*n. Is n prime?
True
Suppose 0 = -3*h + 2*w - w + 44, -5*h + w = -76. Let u(j) = -3 + 2*j + j + 4*j**3 - h*j**2 - 3*j**3 + 3*j. Is u(16) composite?
True
Suppose -17*r + 806659 = -203160 - 30972. Is r a prime number?
True
Let y = 550869 + -82238. Is y composite?
True
Suppose p = 19*p + 1548. Let x = p - -76. Is ((-795)/x - -4)/(1/6) a prime number?
False
Suppose -4*r + 28132 = 4*t, -3*r + 9459 + 11642 = 2*t. Is r - (5 + 45/(-5)) a prime number?
True
Let c(n) = -9044*n + 151. Is c(-5) composite?
True
Let p = 13384 - -15861. Is p prime?
False
Suppose 25 = -5*x, -g - 4*x + 129307 = 40780. Is g prime?
True
Let b(p) = 695*p - 1113. Is b(16) a composite number?
False
Let h(w) = -3*w + 79. Let z be h(25). Suppose 4*a - z*y = 2680, -2*y + 1478 + 1893 = 5*a. Is a a prime number?
True
Let q = -159 - -191. Suppose -37*s + 21905 = -q*s. Is s a composite number?
True
Let r(z) = z**2 - 1. Let p(t) = -t**3 - 13*t**2 - 6*t - 5. Let g(x) = p(x) + 6*r(x). Is g(-7) a prime number?
True
Let x(q) be the third derivative of -1/24*q**4 + 24*q**2 + 0*q + 28/15*q**5 + 0*q**3 + 0. Is x(-1) a composite number?
False
Suppose 0 = -36*o + 1997989 - 259945. Let f = o + -29006. Is f a prime number?
True
Let s = -2775 + 1368. Let w = s + 2434. Is w a prime number?
False
Let d(n) = 402*n - 11254. Let y be d(28). Let a(g) be the first derivative of 101*g**2/2 + 9*g + 1. Is a(y) a prime number?
True
Let a = 74 - 125. Let y = 55 + a. Suppose 0 = -y*n + 564 + 856. Is n a prime number?
False
Let y(r) = 12421*r**2 - 9*r - 9. Let d be (-40)/(-60) + 15/(-9). Is y(d) a prime number?
True
Let c(n) = -n**3 + 12*n**2 - 12*n - 1. Let u be c(13). Let y = 294 - u. Suppose -3*r + y = -1933. Is r a composite number?
True
Suppose u + 0*j = 4*j + 16, 0 = 2*j + 6. Suppose -n = -2*p - 16965, -u*n + 6*p + 67824 = 7*p. Is n composite?
True
Suppose 1482*m = 1524*m - 1905834. Is m a composite number?
False
Suppose 3*n + 5*w = 80342, -9*w + 12*w + 133824 = 5*n. Is n prime?
False
Let c = 122961 - -50977. Is c a composite number?
True
Let l(s) = s**2 - 27*s + 28. Let m be l(26). Suppose m*v - 16 = 4. Is (10/25)/((-8)/v)*-4198 a prime number?
True
Let u(t) = t**2 + 4*t - 3. Let b be u(-5). Let r(p) = 3177*p**2 - 6 - 14 - 290*p**b + 22 + 2*p. Is r(-1) composite?
False
Suppose 3*w - 292985 = -2*d, -145*d + 140*d - 292999 = -3*w. Is w composite?
True
Suppose 46*v - 2*t = 51*v - 2026597, 5*t + 405368 = v. Is v prime?
True
Suppose 4*m = -3*c - 51, -4*c + 3*c = -3. Is ((-109991)/(-8) - 0) + m/(-120) a composite number?
True
Let u(z) = z**2 - 3*z - 1. Suppose -l - l + 3*i = 4, -i + 24 = 5*l. Let a be u(l). Suppose 4*o + 0*v - 73 = v, -a*o - 5*v = -72. Is o a composite number?
False
Suppose 0 = -3*y - 4*i + 221220 + 287035, 5 = 5*i. Is y a composite number?
True
Suppose 1418452 = -3*g + 126595. Is (-4)/36*2 - g/63 prime?
False
Let x be 3*(-3)/24 - (-189)/(-72). Suppose 5*r + o + 0*o = 58, 2*r - 26 = o. Is -2*x/r*598 composite?
True
Let z(q) = q**3 + q**2 - 2*q - 1.